 5*k - 5*f - 1254 - 251 = 0. Calculate the greatest common factor of 27 and k.
27
Let n = 95 + 25. Let k(r) = 2*r**2 - 8*r + 6. Let t be k(6). Calculate the highest common factor of t and n.
30
Let q = 3 - 7. Let p be 167 + (-14)/(-4)*q/7. Calculate the greatest common factor of p and 15.
15
Let t be -23*(-12)/414*(15 + 0). Let h = 31 - -49. What is the greatest common divisor of t and h?
10
Suppose 189*r + 352 = 200*r. What is the highest common divisor of r and 272?
16
Let j be 3 + (-10)/6*3. Let v be (-5)/5 + -1*(j + -1). What is the highest common factor of v and 2?
2
Let v(a) = -4*a + 5*a + 5*a**2 - 3*a**2. Let f be (-8)/6 - (-3)/9. Let n be v(f). Calculate the highest common divisor of 3 and n.
1
Let j(v) = -v. Let z be 4/(-18) + (-133)/9. Let o be j(z). Let x be 39*5/(o/9). What is the highest common divisor of 13 and x?
13
Suppose 5 = -2*i + 3*l + 2*l, -4*i = -2*l - 14. Suppose 3*k - 566 = -2*k - 4*r, 3*k + i*r = 350. What is the greatest common divisor of k and 10?
10
Let b be 1/4 + ((-805)/(-28) - -7). What is the greatest common factor of b and 228?
12
Suppose -3387 = -11*d + 7239. What is the highest common factor of d and 276?
138
Let j(c) = c**2 + 10*c + 5. Let b be j(-10). Suppose 4*i + b*k = 83, 0 = 2*i - 3*k - 21 - 48. Calculate the highest common divisor of i and 108.
27
Let z(r) = -2*r + 10. Let a be z(-6). Let g be (24/(-21) + -2)*-35. What is the greatest common factor of a and g?
22
Let r = 1165 - -330. What is the greatest common divisor of 195 and r?
65
Let o(w) = 5*w**3 + 1. Let l be (-21)/42 + (3/(-2))/(-1). Let d be o(l). Calculate the greatest common divisor of d and 12.
6
Suppose -c - 2 + 11 = 0. Let t = 48 - 43. Suppose -k = -4*r + 24, 0 = -2*r + t*r - k - 18. What is the highest common factor of r and c?
3
Suppose 4*z - 136 = -v, -4*v - 4*z = 143 - 627. Let p = 4 - 1. Suppose p*d - 116 = -d. What is the greatest common factor of d and v?
29
Let l(u) = -3*u**2 + 19*u + 15. Let y be l(7). Let t be (1160/(-40))/((-1)/y). Calculate the greatest common factor of 29 and t.
29
Suppose -15 + 13 = -r. Suppose -18*f + 20*f - 4*o - 24 = 0, -o = -5*f + 105. Calculate the greatest common divisor of f and r.
2
Let a = -896 - -1182. What is the highest common divisor of 26 and a?
26
Suppose n + 44 - 46 = 0. Let v be n/((-44)/(-12) + 0 - 3). Calculate the greatest common divisor of v and 24.
3
Let u(o) = o + 377. Let c be u(37). What is the greatest common factor of 90 and c?
18
Let u be (-582010)/(-333) - (-2)/9. What is the greatest common divisor of u and 92?
92
Let x = -392 + 588. Calculate the highest common divisor of 49 and x.
49
Suppose -4*h = -5*k + 535, k + 0*k - h = 106. Suppose -24 = -3*w + k. Let c = -766 - -775. What is the greatest common factor of w and c?
9
Let h(u) = -2*u + 10. Let a be (-189)/(-36) + 2/(-8). Let x be h(a). Suppose x = -3*i - 0*i + 30. Calculate the highest common divisor of 80 and i.
10
Let p(l) = 6*l - 4*l - 2*l**3 - 7*l + 9 + 3*l**3 - 4*l**2. Let q be 2 + (20/(-2))/(-2). Let h be p(q). Calculate the greatest common factor of 11 and h.
11
Let a = -77 + 319. Let y = -159 + 181. Calculate the greatest common divisor of a and y.
22
Let x = 42 - 3. Let m = x + -13. Calculate the greatest common divisor of m and 26.
26
Let l be 35/(-20)*(-50 - 30/5). What is the highest common divisor of 84 and l?
14
Let r(w) = w**3 + 10*w**2 + 9*w + 10. Let t be r(-9). Suppose -8 = -p + t. What is the highest common factor of 54 and p?
18
Let b(f) = -f + 6. Let u be b(-6). Let j = u + -2. What is the highest common factor of j and 4?
2
Let r = -71 - -95. Let l be (-7 + 114/r)*4*-5. What is the greatest common divisor of 5 and l?
5
Let d(q) = q + 19. Let i be d(-6). Suppose -n + 4*v = -5, -2*v - i = 4*n - 5*n. What is the highest common factor of 105 and n?
21
Let s(o) = -o - 1. Let f be s(-1). Let z(d) = d**3 + d**2 - d + 32. Let i be z(f). Let x = i + -8. What is the greatest common factor of 16 and x?
8
Suppose -23*c - 20*c + 37539 = 0. Calculate the greatest common factor of c and 97.
97
Let o(r) = 6*r - 9. Let b be o(2). Suppose 14*h - b*h = 990. Calculate the greatest common divisor of h and 18.
18
Let y(m) = -m**3 - 23*m**2 - 20*m + 89. Let t be y(-22). Calculate the greatest common divisor of 240 and t.
15
Suppose -142*x + 140*x = 4*z - 36, 4*x - 27 = z. Calculate the greatest common factor of x and 26.
2
Let j be (-1)/(-1) + (-361)/(-19). Let c be (-236)/(-10) - (-8)/j. Suppose 6*y - y + 5*v - 30 = 0, 3*v + 14 = y. Calculate the highest common factor of c and y.
8
Let u = -2688 - -2930. Calculate the highest common factor of 44 and u.
22
Suppose -z - 31 = -85. What is the highest common factor of z and 8?
2
Let g = 52 - 45. Suppose -b + 1496 = g*b. Calculate the highest common divisor of b and 17.
17
Suppose 0 = 5*m - 5, 5*c = 4*m + 172 + 49. What is the greatest common divisor of 315 and c?
45
Let f be 5/(4 - (0 + 3)) - -65. Suppose a = 4*a - 84. Calculate the greatest common divisor of f and a.
14
Let x(o) = -o**3 + 13*o**2 - 6*o - 5. Let k be x(5). Suppose 18*d + 9*d = 891. What is the greatest common divisor of d and k?
33
Let g(s) = s + 14. Let l(o) = o - 13. Let m be l(6). Let q(d) = 5. Let c(k) = m*q(k) + 2*g(k). Let h be c(10). What is the greatest common factor of 78 and h?
13
Let p = -5 - 1. Let s be p*3*4/(-18). Suppose 2*i - 764 = -4*j, 0 = -s*i + 16. Calculate the highest common divisor of 27 and j.
27
Suppose 0 = -0*l + 2*l - 100. Let q be (-3)/(-15) - (-24)/5. Suppose 4*z - q*z = -l. Calculate the greatest common factor of z and 10.
10
Suppose 616 = 2*n + 9*n. Calculate the highest common factor of n and 448.
56
Suppose -3*u - 3*s - 1 + 10 = 0, 5*u = 4*s - 30. Let j(l) = l + 2. Let n be j(u). Suppose n = -4*m + 57 - 13. Calculate the highest common divisor of 11 and m.
11
Let d(h) = -2*h + 29. Let l be d(-7). Let u = l - 19. What is the highest common divisor of u and 24?
24
Let l(y) = y**2 + 9*y + 130. Let f be l(-6). Calculate the highest common divisor of f and 392.
56
Suppose 167 + 323 = 7*j. Let x = j - 58. Suppose -77 = -w + 55. Calculate the greatest common factor of x and w.
12
Let t = 31 + -9. Suppose 350 = -6*p + 1274. What is the highest common divisor of t and p?
22
Let t = 104 + -190. Suppose 11*j + 64 = -13. Let p be t/(-7) + 2/j. What is the greatest common divisor of 108 and p?
12
Let f = -130 + 158. What is the highest common divisor of f and 16?
4
Let b be (96/5)/(2/10). Let k(c) = -c - 3*c + 24 + 10*c - 5*c. Let f be k(-12). Calculate the highest common factor of f and b.
12
Let h be (-6)/(-4) + (-45)/(-2). What is the highest common divisor of 88 and h?
8
Let h = 49 - 35. Let w = 243 - 201. What is the greatest common divisor of h and w?
14
Suppose i = -4*u + 181, 4*u + 8 = -0*u. Let l = -247 + 268. Calculate the greatest common divisor of i and l.
21
Suppose 23*i = 18*i + 180. Suppose 3*z = -3*l - 9 + i, 39 = 3*z - 3*l. What is the greatest common divisor of z and 22?
11
Suppose 2220 = 25*g - 3655. What is the highest common divisor of 94 and g?
47
Let v(o) = -o + 5. Let s be v(-7). Suppose 2*c + c + s = 0, 132 = 4*x - c. What is the greatest common divisor of x and 32?
32
Let g = 0 + 57. Suppose 4*w + 2*a = 2*w + 42, 4*w - g = 5*a. What is the highest common divisor of w and 18?
18
Suppose -4*b + 112 = -4*h, -3*b + 5*h + 19 = -75. Calculate the greatest common divisor of 161 and b.
23
Let n = -708 - -1786. Calculate the highest common divisor of 98 and n.
98
Let u(o) = -17*o**3 - o**2 + 5*o + 6. Let x be u(-2). What is the highest common factor of x and 4?
4
Let g be ((-13)/(-3))/(1 + (-16)/12). Let k = 20 + g. What is the highest common factor of 49 and k?
7
Suppose 7*k - 3263 = -2759. What is the highest common divisor of k and 1032?
24
Let b = -36 - -41. Suppose b*k + 100 = 6*k. What is the greatest common factor of 10 and k?
10
Let h = 17 + -5. Suppose 3*q - h = -q. What is the greatest common factor of 15 and q?
3
Let k(d) = -3*d - 7. Let m be k(-13). Calculate the highest common factor of 352 and m.
32
Let m(h) = 6*h**2 - h - 2. Let n be m(-2). Let z = 241 - 225. What is the highest common factor of n and z?
8
Suppose -2*j + 66 = 4*g - 0*g, -2*g + 5*j + 63 = 0. What is the greatest common factor of 57 and g?
19
Let x = 612 + -610. What is the highest common 